 Suppose 4*m - 24 - 124 = f. List the prime factors of m.
37
Suppose 0 = 4*v - a + 3*a - 534, -6 = -2*a. Suppose -7*f = -f - v. List the prime factors of f.
2, 11
List the prime factors of 85/5*8 - 3.
7, 19
Let f(r) = r**2 - 4*r + 4. Let j be f(4). Suppose 3*n + j*w = -0*n - 5, -5*w - 7 = 4*n. What are the prime factors of 1*n*(-21)/7?
3
Let w(r) = -r**2 + r. Let t be w(0). Suppose b = -t + 10. Suppose 0*d = -2*d + b. What are the prime factors of d?
5
What are the prime factors of -171*(-3)/3 + (-1 - -4)?
2, 3, 29
Suppose -2*a - 2*a + 28 = 0. Let r = -5 + a. Let q = r - -1. What are the prime factors of q?
3
Let d = -3 + -3. Let o be 12/(-8)*1*2. Let l = o - d. What are the prime factors of l?
3
Let p(r) be the second derivative of 5/12*r**4 + 1/2*r**2 + 0 - 1/3*r**3 - r. List the prime factors of p(1).
2
Suppose -c + 4*l = -23, -4*c = -4*l - 0 - 32. Suppose -39 = -4*y - c*s, y - 4*s + 1 = -13. List the prime factors of y.
2, 3
Let q = 32 + -3. List the prime factors of q.
29
Let n(m) = 6*m**3 - 3*m**2 - 7*m - 7. Let z(h) = h**3 - h - 1. Let u(v) = n(v) - 5*z(v). Suppose -3*y + 16 = y. List the prime factors of u(y).
2, 3
List the prime factors of (9/6)/((-18)/(-120)).
2, 5
Let c = 145 + -38. What are the prime factors of c?
107
Let p = 9 + -1. Let c = 17 - 22. Let j = c + p. List the prime factors of j.
3
Suppose -5*x = 5*f + 50, 2*x - 51 = 3*f - 2*x. Let w = 18 + f. List the prime factors of w.
5
Let t = 13 + 6. List the prime factors of t.
19
Suppose 0*l + 3 = 2*l - c, -c + 5 = 2*l. Suppose 24 = 2*u + 4*x + 8, 5*u + 5*x = 60. Suppose -l*a = -3*a + u. What are the prime factors of a?
2
Suppose -6*w - 204 = -12*w. List the prime factors of w.
2, 17
Let w(h) = -5*h - 7. Let l be w(-8). Suppose -n + 3 = 1, 4*n - l = -5*a. List the prime factors of a.
5
Suppose -2*r - 369 = -3*y + 96, r + 768 = 5*y. List the prime factors of y.
3, 17
Let c be ((-28)/8)/((-3)/6). Suppose c = 4*w - 3*w. List the prime factors of w.
7
Suppose -25 = -4*z - z. Suppose -4*x + 36 = z*a - 0*x, 3*x = 2*a + 4. What are the prime factors of a?
2
Suppose 0 = -5*z - 0*z - 120. Let u = z + 54. Suppose f - u = -4*f. List the prime factors of f.
2, 3
Suppose 0 = -5*r + 63 + 47. Let z = r - -37. What are the prime factors of z?
59
Suppose -3*n + 5 = -10. Suppose -v - 3*d + 6 = -n, v - 4*d + 3 = 0. Let k(l) = 2*l**2 - 8*l + 7. List the prime factors of k(v).
17
Suppose -2*h + 6 = 2. Let i(s) = s**2 + h*s**2 - 2*s + 0*s**2 - 2. List the prime factors of i(2).
2, 3
What are the prime factors of 666/21 + 4/14?
2
Let r = 0 + -2. Let l = 33 - r. Suppose 5*t - l = -0*t. List the prime factors of t.
7
Let l = -5 - -4. Let d(v) = 20*v**2 + 1. Let k be d(l). Suppose -89 + k = -4*q. List the prime factors of q.
17
Suppose 16 = 2*n + 2*n. Suppose n*q = 88 + 144. List the prime factors of q.
2, 29
What are the prime factors of 3 - (-113 + (6 - 3))?
113
Let k(n) = n**2 - 2*n + 1. Suppose 4 = c + 1. Let o be k(c). Suppose -o*l + 52 = -5*p, -5 - 19 = -5*l - 4*p. What are the prime factors of l?
2
Let f be (-6)/(-15) + (-116)/(-10). Let v be (f/(-16))/((-1)/4). Suppose v*n - 3*a = 0, 4*n + 2*a = -0*a + 24. List the prime factors of n.
2
Let z(f) = -7*f. Let x(b) = -b**3 + 12*b**2 - 10*b - 13. Let i be 4/10 + (-106)/(-10). Let j be x(i). List the prime factors of z(j).
2, 7
Let u be 6/(-3) + -11 + 0. Let b = u + 22. List the prime factors of b.
3
Suppose 3*b + 3 = 6*b. Suppose -3 = -o + b. Suppose o*f + 4*d + 6 - 26 = 0, -3*d = -6. List the prime factors of f.
3
Let k(z) be the second derivative of z**4/12 + z**3/2 - 2*z**2 - z. Let o be k(-5). List the prime factors of 9*(-5)/((-45)/o).
2, 3
Suppose -361 - 167 = -2*i - 2*r, -4*i + 5*r + 1029 = 0. What are the prime factors of i?
3, 29
Suppose 46 = 3*i - 53. Let t = -20 + i. Let u = t - 1. List the prime factors of u.
2, 3
Let y(t) = -t**3 - 3*t**2 - t. Let g be y(-2). Let z = 0 - g. List the prime factors of z.
2
Let y = -57 + 82. List the prime factors of y.
5
Suppose -4*w + 0 + 20 = 0. Suppose 67 = w*y + 7. What are the prime factors of y?
2, 3
Let d = 52 + -44. What are the prime factors of d?
2
Let m(w) = -5*w + 3*w**3 + 5*w**2 - w**2 + 3 + 4 - 2*w**3. List the prime factors of m(-5).
7
Let o(k) = 99*k + 5. What are the prime factors of o(1)?
2, 13
Let x be 3/6 + 17/(-2). Let i = -6 - x. List the prime factors of i.
2
Let f = -98 + 166. List the prime factors of f.
2, 17
Let y = 11 + 16. Suppose -3*t - 1 = w, t = -w + 5*t + y. Suppose 4*l - 2*d + 6*d - 32 = 0, -w = -2*l - 3*d. List the prime factors of l.
13
Let t be (3 - 1)/2 - -1. Suppose 6*i - 2*i - t*c = 108, -2*i + 5*c + 70 = 0. What are the prime factors of i?
5
Let r(f) = -4*f - 4. Let o(w) = -8*w - 8. Let s(v) = -6*o(v) + 13*r(v). Suppose -5*b + 0*b - 3*z - 21 = 0, z + 8 = -2*b. What are the prime factors of s(b)?
2
Suppose 12*j + 150 = 14*j. List the prime factors of j.
3, 5
Suppose 8*v - 956 = 4*v. List the prime factors of v.
239
Let n = 245 + 94. What are the prime factors of n?
3, 113
Suppose -5*d = -2*d - 36. Let q be d/(-15)*(-25)/10. What are the prime factors of (3/q)/((-2)/(-24))?
2, 3
Suppose -4*g - 19 = 5*l, -g + 4*l + 10 = -1. What are the prime factors of (g - 0)/((-1)/9)?
3
Let m = -51 + 228. What are the prime factors of m?
3, 59
List the prime factors of 1*-58*5/(-10).
29
Suppose 0 = -3*k - 2*o - 89, -2*o - 58 = -0*k + 2*k. Let q = 49 + k. What are the prime factors of q?
2, 3
Suppose -483 = -2*x - 5*z, -2*x - x + 721 = 4*z. What are the prime factors of x?
239
Suppose -244 = -4*v - 4*k, -5*v = 5*k - 2*k - 295. List the prime factors of v.
2, 7
Let d(v) = 14*v - 45. Let i(h) = -5*h + 15. Let y(b) = -6*d(b) - 17*i(b). List the prime factors of y(0).
3, 5
Let k(l) = -l**2 + 1. Let w be k(1). Let m(v) = v**3 + v**2 + 27. Let s be m(w). Suppose 5*c = a + 12, -3*a - 2*a + s = 4*c. What are the prime factors of c?
3
Let z be (-3)/((-36)/51)*4. Suppose -2*c + z = -3. List the prime factors of (-4)/c - 126/(-15).
2
Suppose j - 5*j + 12 = 0. Let r(l) = 12 - 5*l**3 + 4*l**2 + 3*l**3 - j*l**2 + 3*l**3 + l. What are the prime factors of r(0)?
2, 3
Let u = -86 - -173. List the prime factors of u.
3, 29
List the prime factors of (-11)/9 - (-4)/18 - -138.
137
Suppose -142 = -5*i + 3*h - 0*h, 60 = 2*i + 2*h. Suppose -i = -l - r, 3*r - 14 + 67 = 2*l. List the prime factors of l.
2, 7
Suppose 5*x - 30 = -8*i + 3*i, -2*x - 4*i + 12 = 0. Let a = 16 - x. List the prime factors of a.
2, 5
Let p(r) = -r + 8. Let o be p(-6). Suppose 0 = -2*m + 5*c - 5, 3*c - o = -m. List the prime factors of m.
5
Suppose 4*n + l - 139 = 0, 0 = -2*n - 2*l + 49 + 13. Suppose -5*z = r - 12, 3*r + 3*z - 6*z = n. List the prime factors of r.
2, 3
Suppose 5*u = o - 3*o + 168, u - 33 = -o. What are the prime factors of u?
2, 17
Let b be (-3 + 2 + 8)/1. Suppose -4*j - 12 = -b*j. Let p = j + -1. What are the prime factors of p?
3
What are the prime factors of 18/4*(-20)/(-3)?
2, 3, 5
Let p be 48/28 - 2/(-7). Suppose -1 = p*o - 43. List the prime factors of o.
3, 7
Suppose 3*z - 62 = 40. What are the prime factors of z?
2, 17
Suppose 7*m - 20 = 2*m. Suppose -4*q + 0*q = -2*t + 28, -q + 83 = m*t. Suppose 10*c = r + 5*c + t, 4*c = -2*r + 30. List the prime factors of r.
5
Suppose -i = 4*i + y - 75, 60 = 4*i - 3*y. List the prime factors of i.
3, 5
Let u(a) = -13*a - 4. Let o(t) = -7*t - 2. Let k(c) = 11*o(c) - 6*u(c). List the prime factors of k(0).
2
Suppose -10*s - 315 = -15*s. List the prime factors of s.
3, 7
Suppose 2*u + z + 2*z + 3 = 0, -3*z - 9 = 0. List the prime factors of u.
3
Let p(d) = -8*d + 1. Let j be p(-6). Let k = -25 + j. List the prime factors of k.
2, 3
Let f be (-244)/(-20) - (-2)/(-10). Suppose f = 4*k - k. List the prime factors of k.
2
Suppose 4*t + 2*z + z = -26, -t - 5*z - 15 = 0. List the prime factors of 4/10 + (-188)/t.
2, 19
Let b be (-3)/2*656/6. What are the prime factors of (-4)/(-14) + b/(-14)?
2, 3
Suppose -4*x + 22 = -266. Let o = x - 48. List the prime factors of o.
2, 3
Let p = -15 + 7. List the prime factors of (-50)/20*p/5.
2
Let k be (0 - -2)/2 - 4. Let j be k/(-15) - 16/5. List the prime factors of 8 + j*(-2)/3.
2, 5
Suppose -i = -2*i + 7. Suppose 5*d = 2*f, 3*f - 2*f = -d + i. Suppose 4*p + 3*m - m - 38 = 0, d*p = -3*m + 9. List the prime factors of p.
2, 3
Let f be (-7